v) = -6*v**2 + 4*v**3 - v - 3*v**3 + w + 3*v. Is a(7) composite?
False
Suppose 0 = 2*d + 4*o - 20, -2*d - 18 = -4*d - 3*o. Let l = 5 + d. Suppose 3*j - 158 = -l. Is j prime?
False
Let g(r) = 103*r**2 + r - 5. Is g(-4) a composite number?
True
Let d(m) = m**2 - 10*m. Let w be d(9). Is 8667/w*1/(-3) composite?
True
Suppose 3*z - q = -6*q + 154, 128 = 2*z - 3*q. Is z prime?
False
Let o(b) be the second derivative of -b**4/12 - b**3 - b. Let c be o(-6). Is c - 0 - (-14)/2 a prime number?
True
Let k(w) = w**3 - 4*w**2 + 2*w - 2. Let a be k(4). Suppose a*p - 154 = 236. Is p a prime number?
False
Let l(a) = 1192*a + 9. Is l(2) a prime number?
True
Suppose -4*t + 1879 - 91 = 0. Is t prime?
False
Let h = -244 - -831. Is h composite?
False
Let t = 518 - 187. Is t a prime number?
True
Suppose -2*i + 15 + 23 = 0. Suppose g = -2*a + i, -5*a - 2*g + 41 = -4. Is a composite?
False
Suppose 4*c + 602 = -n, 2*n - c + 1252 = 3*c. Is 1/(n/(-615) + -1) a composite number?
True
Suppose -f + 1163 + 526 = 2*n, -1687 = -f - 3*n. Is f a composite number?
False
Let b be 1/((-22)/(-20) + -1). Let s be (-284)/14 - b/(-35). Let a = 59 + s. Is a a prime number?
False
Let u(b) be the second derivative of b**4/2 - b**3/3 - b**2/2 + 8*b. Let g = 2 - 5. Is u(g) a composite number?
False
Suppose -3*n + 543 = -2*n. Is n a prime number?
False
Suppose 0*j = -j + 126. Is j - (-1)/(-2)*-2 a composite number?
False
Suppose -3*b + k + 13 = -46, -7 = b + 5*k. Suppose -p = -l + 45, 2*p + 118 = 3*l - b. Is l a composite number?
True
Suppose 3*c - 19 = -7. Is (c - 16)/(-4) + 1160 a prime number?
True
Let q(b) = -20*b - 10. Let o(x) = 2*x - 9 - 12*x - 9*x + 0. Let j(r) = 5*o(r) - 4*q(r). Is j(-6) prime?
False
Let m(d) = 50*d - 4. Let s be 10/(-2)*4/(-5). Let y be m(s). Suppose -5*p + p + y = 0. Is p a prime number?
False
Suppose 2*b = -v + 14, 0 = v + 4*b - 23 + 3. Suppose v = 3*s - 1. Suppose -k = 4*o - 195, -s*o + 242 = 2*o + 3*k. Is o a prime number?
False
Let x(b) = 3*b**3 + 6*b**2 + 6*b + 5. Let f be x(-4). Let u = 9 - f. Suppose -u - 160 = -4*j. Is j a composite number?
False
Suppose 3*a = -m - 2, 4*m = 3*a - 2*a + 5. Let d be (-1 - -2)*(-2 - m). Is (-1 - d/(-6))*-4 a composite number?
True
Suppose -6*b = -5*b - 4. Suppose -6*m + m = -2*q + 900, 1372 = 3*q - 2*m. Suppose 0*w = -b*w + q. Is w a prime number?
False
Suppose q - 3 = 1. Let a(z) = 2*z**2 - 3*z + 3. Is a(q) prime?
True
Let g be (-6)/(-4)*2 - 0. Suppose -a - 2*c + 209 = 0, -8*a + 2*c + 1057 = -g*a. Is a a prime number?
True
Suppose 2*q = 3*q. Let u = 0 + q. Suppose 0 = -u*z + 4*z - 188. Is z composite?
False
Suppose -3*o + 15 = 2*f - 1, 4*o - 22 = -3*f. Suppose -f*t = -5*c - 47, -c - c = -4*t + 118. Is t prime?
True
Let q = 49 - -106. Is q prime?
False
Let d(a) = 8*a**3 - 23*a**2 + 25*a + 24. Let p(b) = 2*b**3 - 6*b**2 + 6*b + 6. Let y(i) = -2*d(i) + 9*p(i). Let x be y(5). Suppose 5*t = -x + 251. Is t prime?
False
Is (-12)/(-8)*((-5325)/(-9) + 1) prime?
False
Let r be (-6)/(-2)*(-104)/(-6). Let f = r + -37. Is f composite?
True
Let h = 16 + -12. Is (h - 1) + 0 - -370 a prime number?
True
Let h = -8 - -4. Let f = -5 + 3. Is h/(-2)*(-11)/f a composite number?
False
Let h(t) be the second derivative of 119*t**4/12 + t**3/6 - t**2/2 - 4*t. Is h(1) a prime number?
False
Suppose -v = -b - 213, 791 = 3*v + 5*b + 144. Is v a composite number?
True
Let s be 2/4 - (-3)/2. Let r(x) = -4*x + 2*x**2 - 15*x**3 + 8*x**3 + 15*x**3 + 3. Is r(s) a prime number?
True
Is ((-12)/15)/(8/(-740)) a prime number?
False
Let z = -6 + 9. Let i = z + 1. Let g(x) = x**3 - 4*x**2 + 2*x + 2. Is g(i) composite?
True
Is 7 + (-2)/((-2)/(-3)) composite?
True
Suppose 2*m + 3246 = -m. Let l = -454 - m. Let k = -371 + l. Is k composite?
False
Let k = 98 - -349. Is k prime?
False
Suppose 5*y - 16 = 3*y. Let n(k) = -2*k + 2*k**2 + y - k**2 - 2. Is n(5) a prime number?
False
Suppose 4*u - 579 = 7*o - 4*o, 2*o = 2*u - 292. Is u a prime number?
False
Let l be (3 - 12/4) + 2. Is 22*(0 + 19/l) prime?
False
Let z(u) = -13*u - 8. Let v be z(-7). Let k be v*(-3 + 1 + 0). Let y = k - -263. Is y composite?
False
Let i(w) = w - 6. Let z be i(9). Suppose -4*q + q + z*l + 111 = 0, 0 = -l. Is q a composite number?
False
Suppose -3*l - 6*m + m - 51 = 0, 5*l = 3*m - 119. Let a = l - -12. Is 4 + -1 + -2 - a prime?
True
Suppose 63*q - 60*q = 3603. Is q prime?
True
Let o(d) = d**3 - 3*d**2 - 4*d. Let i be o(4). Suppose i = 6*k - k - 15. Suppose 0 = -2*a - k*a + 75. Is a composite?
True
Let a(n) = 6 - n**2 + 4*n**2 - 4*n - n**2. Let v be a(4). Let x = -12 + v. Is x prime?
False
Let w be 99/21 + 4/14. Suppose 0 = -w*g + g + 12. Is g composite?
False
Suppose 3*u = 9, 0*u - 3*u + 295 = 2*g. Is g composite?
True
Suppose -628 = -2*q + 140. Let a = 583 - q. Is a prime?
True
Let a be (3 - 2)*2 - 15. Let x = a - -7. Is (-1 - 1)/(x/69) composite?
False
Suppose 0 = -3*d - 0 + 6, -2*p - 4*d = -1246. Suppose g - 104 - 15 = -2*q, 0 = 5*g + 2*q - p. Suppose -g = -4*u - u. Is u prime?
False
Suppose -3*f - 4*v = -32, 2*f - 3*v = -5*v + 18. Suppose -f*z = 5*j - 183, 2*j - 4*j = z - 75. Is j prime?
False
Suppose 0*p + 4*t + 3636 = 4*p, p = -5*t + 897. Is p prime?
True
Let m(f) = -f**3 + 8*f**2 - 7*f + 8. Is m(6) a composite number?
True
Suppose -6*d + 7*d - 647 = 0. Is d prime?
True
Suppose 4 = -u, 3*z - 2*u - 885 = 377. Suppose 3*v = -19 + z. Is v prime?
False
Let l(w) = 2*w**2 + 3*w + 8. Let x(f) = 3*f - 6. Let c be x(7). Let k = -8 + c. Is l(k) composite?
False
Let g(f) = -15*f - 4. Let j(z) = -16*z - 3. Let k(s) = -4*g(s) + 5*j(s). Suppose -6*d = -5*d + 1. Is k(d) a composite number?
True
Is -1 + (-3)/(-1) + 315 a prime number?
True
Let y = -2 - -8. Suppose 0 = -2*z + y. Suppose -v - z*v + 316 = 0. Is v composite?
False
Let n(m) = 10*m**2 + 1. Let y be n(1). Suppose y = g - 8. Is g a composite number?
False
Suppose -v - 2 = -188. Let z = 61 - 36. Let m = v - z. Is m prime?
False
Let s be 0*(-1)/(-2) - -256. Suppose s = 3*y + 55. Is y prime?
True
Let z(v) = -3*v**2 + 12*v**2 - 3*v + 1 + 4*v**2 + 4*v. Is z(-2) composite?
True
Let b(m) = 37*m**2 + 2*m - 3. Let t be 9/6*8/6. Is b(t) prime?
True
Suppose 0 = 5*s - 4 + 19. Let v be s/(-2)*2 + -4. Is -3 - 10*(v + -3) composite?
False
Let c be 142/(-4) - 2/(-4). Let z = 69 + c. Is z a composite number?
True
Let o(b) = 77*b + 3. Suppose 0 = -2*d + 8 + 4. Let s be o(d). Suppose -5*u = -5*r + s, -u = 4*r - 0*u - 352. Is r composite?
False
Suppose 3*y - 8 = 1. Let f(l) = -3*l**3 - l**2 + 2*l + 4. Let p be f(y). Is p/(-6) - (-2)/3 composite?
True
Suppose 7*p = 3*k + 2*p + 6, 4*k - p = 9. Let u be ((-4)/10)/(k/(-15)). Is u/6 + (-132)/(-9) prime?
False
Let g = -4 - -8. Suppose g*x = 2*x + 422. Is x a prime number?
True
Let d(i) = 2*i**2 - 4*i - 1. Let y be d(3). Let h be y/(-5) + 2/(-2). Let g = 23 - h. Is g composite?
True
Suppose 0 = -4*j - 20 + 4. Let q = j + 2. Is (23/2)/((-1)/q) a prime number?
True
Is (-206)/(-4) - 27/(-18) a prime number?
True
Suppose 0*x + x = 249. Suppose 4*r - 67 = -2*q + 265, -5*q = -3*r + x. Is r a prime number?
True
Is 2/6 + ((-2390)/3)/(-1) prime?
True
Is ((-424)/6)/((-1)/3*2) a prime number?
False
Suppose 0 = -4*n + 10*n - 16242. Is n a composite number?
False
Let d be -2 - -4 - (-2)/1. Let s be (0 - -1) + (d - 3). Suppose -9 = s*a - 39. Is a prime?
False
Suppose -2*k - 3*u = u - 138, -4*k = 2*u - 288. Let b = -50 + k. Is b a composite number?
False
Suppose u + 3*u - 144 = 0. Let g be (45/u)/(2/328). Let j = 364 - g. Is j composite?
True
Let n be (2 - (-2)/(-1)) + 3. Suppose -s = -3*o - n, -12 = -2*s - 2*s + 3*o. Is s a prime number?
True
Let w(t) be the third derivative of t**6/120 - t**5/15 + t**4/6 + 2*t**3/3 + 5*t**2. Is w(5) prime?
False
Suppose -45*k + 52*k - 21469 = 0. Is k a composite number?
False
Suppose 2*v - 6*v = -12. Let c(u) = -u**3 - 3*u + 2 - u**2 - 1 - v. Is c(-5) a composite number?
False
Suppose -4*y + 5 = -51. Suppose y = u - 9. Is u composite?
False
Let t = -17 - -166. Is t a prime number?
True
Suppose 20 = 3*o - 25. Let u = o + -33. Is (u*6 + 2)/(-2) prime?
True
Let s(q) = 21*q + 11. Let o(j) = -10*j - 5. Suppose -4*i = -5*k + 11, -3*k = -2*i - 4 + 1. Let u(r) = i*o(r) - 4*s(r). Is u(2) composite?
False
Suppose -4*c = 3*h - 2652 + 139, -5*h = -4*c - 4199. Is h composite?
False
Let w(c) = 12 + c**2 - 10 + 